 q = -238 - -400. Suppose -q = -3*u + 3*z - 48, z = -4*u + 157. List the prime factors of u.
3, 13
Let y(m) = -m**2 - 60*m + 9. What are the prime factors of y(-12)?
3, 5, 13
Let s(r) = 3*r**2 + 10*r + 11. Let j be (3 + 1)*10/(-8). What are the prime factors of s(j)?
2, 3
Suppose 5*u = g + 2*g + 55, -g = -4*u + 37. Suppose -121 + 505 = u*i. What are the prime factors of i?
2, 3
Let j = 139 + -127. Let d(k) = k**2 + 3*k - 3. List the prime factors of d(j).
3, 59
Suppose -3*r - 1641 = -2*y + 804, -4*y + 4857 = 5*r. List the prime factors of y.
2, 3, 7, 29
What are the prime factors of 1516 - (14 + (-70)/10)?
3, 503
Suppose o = -2*b + 1995, -4*o = -17 + 13. List the prime factors of b.
997
Let i(m) = -6*m + 28. Let r be i(-3). Suppose -240 = -2*q - q. Let l = q - r. List the prime factors of l.
2, 17
Suppose 130 = 5*y + 4*n - 144, 3*y + n = 170. Let v = 101 - y. List the prime factors of v.
43
Let l = -2888 + 5491. List the prime factors of l.
19, 137
Suppose 0 = -6*t + 3*t - 2*k + 31, -5*t - 4*k + 55 = 0. Let m(l) = l**2 - 8*l + 14. List the prime factors of m(t).
7
Suppose 0*g + 5*g + x = 13700, -5*x + 10981 = 4*g. What are the prime factors of g?
3, 11, 83
Suppose 2534 = -11*m + 7209. List the prime factors of m.
5, 17
Suppose 0 = -2*n - 4*g + 1116, -3*n - 4*g = -0*g - 1670. Let u = -330 + n. Suppose -u = -c - 7*c. What are the prime factors of c?
2, 7
Let d be 4 + -1 + (-7)/(-7). Suppose -z - 200 = -d*a + z, 5*a + 3*z = 250. List the prime factors of a.
2, 5
Suppose -9693 - 10294 = -11*i. List the prime factors of i.
23, 79
Suppose 0*h - 135 = -5*h. Let f = 32 - h. Suppose -3 = 4*m - f*s, 2*m - 6 = 4*m - 4*s. List the prime factors of m.
3
Suppose -15*o + 2822 = -13*o + 4*m, -4*o - m = -5609. List the prime factors of o.
3, 467
Suppose -3*q - 517 = -o - 125, -4*o - q + 1633 = 0. What are the prime factors of o?
11, 37
Let a = -185 + 259. Let c = a + 5. What are the prime factors of c?
79
Suppose -3*f + 6 = 0, 4*h + 5*f = 2*f + 12798. What are the prime factors of h?
2, 3, 13, 41
Let t(s) = -7 - 14*s**2 - 12*s**2 + 27*s**2. List the prime factors of t(-5).
2, 3
Let c = 5232 - 3573. List the prime factors of c.
3, 7, 79
List the prime factors of 4/(-6)*(-410412)/184.
1487
Let k be -4 - -227 - 2/(-2) - 1. Let r = k + -146. List the prime factors of r.
7, 11
Suppose 5*p - 4*p + 12 = 5*x, 0 = -5*p + 3*x - 16. Let b be (20/(-15))/(p/(-6)). What are the prime factors of (3 + 1)/b*-31?
31
Suppose 2*d - 3*n - 5 = 0, -3*n + n - 2 = 0. Let y(g) be the second derivative of 7*g**4/12 - g**3/3 + g**2/2 + 64*g. List the prime factors of y(d).
2, 3
What are the prime factors of (-179 - -4)*174/(-7)?
2, 3, 5, 29
Let o(v) = v**2 - 2*v + 3 - 2*v + 2*v. Suppose f + 2*f = -15, -4*d + 4*f = -40. What are the prime factors of o(d)?
2, 3
List the prime factors of (-242 + -16)*2/(-4).
3, 43
Suppose -2*z + 0 = -w - 1, 0 = 5*z + 3*w + 25. What are the prime factors of (10/(-15))/(z + 5/3)?
2
Let n = 402 - 157. Suppose -n = -3*o + 67. List the prime factors of o.
2, 13
Suppose 2*c = 4*i - 668, 4*i - 4*c + 9*c = 696. Suppose -5*x + 34 = i. Let j = 36 + x. List the prime factors of j.
3
Suppose 5 = -q - b, -3*q + 3*b + 5 - 26 = 0. Let t be 28/3 - (-2)/q. List the prime factors of t/(-36) + (-162)/(-8).
2, 5
Let p = -9 - -9. Suppose 5*f + 4*u - 1156 = 0, p*u = -2*f - 4*u + 472. List the prime factors of f.
2, 3, 19
Suppose -1755 = 72*q - 77*q. What are the prime factors of q?
3, 13
Suppose 0 = -22*t + 10*t + 10788. List the prime factors of t.
29, 31
Let s be (6/(-4))/(3/6). Let u(o) be the first derivative of o**4/4 + o**3 - o**2/2 - o - 3. List the prime factors of u(s).
2
Let o(y) = -206*y - 36. List the prime factors of o(-10).
2, 11, 23
Let d(m) = -5*m + 84. Let r be d(17). What are the prime factors of ((-1)/(-2)*r)/(15/(-8910))?
3, 11
Let r(k) be the third derivative of -k**6/120 - k**5/60 + k**4/24 + k**3/6 - 5*k**2. Let l be r(2). Let d = l - -13. What are the prime factors of d?
2
Let p(c) = -131*c + 448. List the prime factors of p(-23).
3461
Let f(g) = 3*g**3 - g**2 - 2*g. Let u be f(-1). What are the prime factors of (-4 - -74)*u/(-5)?
2, 7
Let l be -38*2/(-2) + 0. Let k = 99 - l. List the prime factors of k.
61
Suppose -3*t + 1470 = 3*t. Suppose 8*i - 195 = t. List the prime factors of i.
5, 11
Let a(c) be the second derivative of c**4/3 + c**3/6 + 13*c**2/2 + 27*c. What are the prime factors of a(-7)?
2, 101
Suppose 0 = w - 3*w + 14. Let o = 9 - w. Suppose y = -2*b + o*y + 42, -3*b = -4*y - 68. List the prime factors of b.
2, 5
Let j = 2078 + -1728. List the prime factors of j.
2, 5, 7
Suppose 1752 = -10*t + 22*t. What are the prime factors of t?
2, 73
Let c = 9 + -9. Suppose 22 = -2*p + 4*d, c = -5*p - 2*d - d - 3. List the prime factors of 4/p*(-2 + -4).
2
Let v(g) = 3*g + 1. Let y be v(0). Let z be y + (1 - (-180 + -2)). Suppose 5*i = 4*o - 5*o + 230, 4*i = 5*o + z. What are the prime factors of i?
2, 23
Let a(h) = h - 1. Let z(j) = -10*j + 12. Let r(y) = -3*a(y) - z(y). What are the prime factors of r(14)?
89
Suppose 3*m + 3*z + 25 = 8*m, -5*m + 4*z + 30 = 0. Let w(g) = 3*g**2 - 5*g - 6. Let o be w(6). Suppose 0*v = -m*v + o. List the prime factors of v.
2, 3
Suppose 3*a + a - 5*o = 6, 8 = 4*a - 4*o. Suppose a*u + 192 = -4*m, 0 = 3*m - m - 3*u + 101. Let f = -20 - m. List the prime factors of f.
29
Let v be 2/(6/9 + 0). Suppose v - 6 = -d. What are the prime factors of (44/(-6))/(-1)*d?
2, 11
Let p(q) = q**3 + 18*q**2 + 16*q - 20. Let g be p(-17). Let j be 0/g - 3/3. What are the prime factors of (-220)/(-5) + j + 0?
43
Suppose 0 = -11*l + 12 + 32. Suppose -3*d - 2*f = -825, 0 = -0*d + l*d - 3*f - 1083. List the prime factors of d.
3, 7, 13
Let x(c) = 9*c + 39. What are the prime factors of x(0)?
3, 13
Suppose 82 = -5*s + 3*g, -2*g = -3*s + 6*s + 34. Let b be s*(1/2 + 0). Let z(a) = -a**3 - 7*a**2 - 2*a + 2. What are the prime factors of z(b)?
2
Suppose -4*x + 12 + 16 = 4*q, 3*x + 19 = 5*q. Suppose 0 = x*i - 2*w - 496, -i + 232 = -w + 4*w. List the prime factors of i.
2, 61
Suppose 3*s - 18 = -0*s. Let o be 8 - (0 + 12)/(-3). Suppose -5*v + o = 2*i + 2, -2*i + s = 4*v. List the prime factors of v.
2
Suppose -6*z + 4*z = -2. What are the prime factors of 8/(-3)*z*126/(-3)?
2, 7
What are the prime factors of (-1 - 5 - -6) + 34?
2, 17
Let j(m) = 85*m. Let i be j(2). Suppose -v - v + 19 = x, 0 = -2*v - 4*x + 34. Suppose v*z - i = 2*z. List the prime factors of z.
2, 17
Suppose 8*z + 10 = 10*z. Suppose 0 = -j + 5, -2*x + z*j + 1 = -10. What are the prime factors of 2/(-12) + 633/x?
5, 7
Let o(m) = -13*m**3 - m + 1. Let k be o(1). Let y(w) = -w - 3. Let q be y(k). List the prime factors of 6/q + (-352)/(-55).
7
Let c = -21 - -22. Suppose 5*s - 4*j = 32, -2*s - j + 4 = -c. List the prime factors of s.
2
Let g(o) be the first derivative of -o**4/4 - 8*o**3/3 + 5*o**2 + 9*o - 5. Let l be g(-9). What are the prime factors of (l + 1)/((-13)/(-377))?
29
Let k(v) = -6*v**2 + 4*v - 3. Let r be k(2). Let y(a) = a**3 + 4*a**2 + 3*a + 15. Let f be y(-5). Let x = r - f. List the prime factors of x.
2, 3
Let r = -1400 - -2363. List the prime factors of r.
3, 107
Let y(f) = -3*f**3 + 2*f**3 + 2*f + 5 + 2*f**3. List the prime factors of y(3).
2, 19
Suppose 0 = -f + 6*f - 15, -p - 3*f = -14. Suppose -5*q = -3*n + 198, -330 = -p*n + 2*q - 0*q. What are the prime factors of n?
2, 3, 11
Let z(b) = b**3 - 39*b**2 - 56*b - 79. List the prime factors of z(41).
3, 7, 47
Let s be ((-18)/21)/((-1 + -5)/168). Suppose 0 = -t + 2, -2*z + 0*z = -3*t + 24. Let x = s + z. What are the prime factors of x?
3, 5
Let f(p) = p**3 - 8*p**2 - 9*p + 3. Let a be f(9). Suppose 2*y = 5*x - y + 347, -a*x = 3*y + 189. Let b = x + 121. List the prime factors of b.
2, 3
Suppose 3*y = -g + 18, 3*g + 3*y - 6*y - 42 = 0. What are the prime factors of g?
3, 5
Let h(n) = 3528*n**3 + n**2 - 3*n + 2. List the prime factors of h(1).
2, 3, 7
Let t(h) = h**3 + h**2 - h - 2. Let l be (-4)/(-4) + -4 + 5. Let m be t(l). Suppose m*o - 4*o = 208. List the prime factors of o.
2, 13
Let p = 34 + -29. Suppose 5*l - 550 = -p*q - 0*q, -2*q + 5*l = -234. What are the prime factors of q?
2, 7
Let o = -345 + 812. What are the prime factors of o?
467
Let z(d) = 10*d**2 - 2*d - 22. Let r = 97 - 102. List the prime factors of